 + 6*o + 36 = y. Calculate the highest common factor of o and 72.
9
Suppose 45857 = 69*p - 24178. What is the greatest common factor of 70 and p?
35
Let q(a) = -a**3 - 57*a**2 + 58*a + 106. Let o be q(-58). Calculate the highest common divisor of 3074 and o.
106
Suppose -16*h = -485 + 37. What is the highest common factor of h and 406?
14
Let o(x) = 2*x**3 - x + 2. Let v be o(-2). Suppose 97 - 33 = 4*i. Let h = i + v. What is the highest common factor of 6 and h?
2
Let l be (0 + (-6)/90*5)*-297. Calculate the greatest common divisor of 33 and l.
33
Let u be 642 + (-5)/(20/12). Calculate the greatest common factor of 71 and u.
71
Suppose 26*z - u = 31*z - 145, -55 = -z + 5*u. What is the highest common factor of 135 and z?
15
Let l(f) = 3*f + 25. Let u be l(0). Let o = 72 - -28. What is the greatest common divisor of u and o?
25
Let f(d) = -d**3 + 8*d**2 + 15. Let o be f(8). Suppose -3*r + 2*r + o = 0. What is the greatest common divisor of r and 75?
15
Let y = -195 + 210. What is the greatest common factor of 95 and y?
5
Let t(o) = -3*o**2 + 103*o - 22. Let j be t(30). What is the greatest common divisor of j and 23?
23
Suppose 0 = -5*o - 4*d + 260, -5*o + 104 = -3*o + 4*d. Let l = 73 - o. Calculate the greatest common divisor of l and 168.
21
Let z = 168 + -336. Let t = z - -2864. Let p be 2/(-7) - t/(-28). Calculate the greatest common factor of 12 and p.
12
Suppose 5*l - 30 = -5*w, 1 = 2*l - l + 2*w. Calculate the highest common factor of 88 and l.
11
Let d = 1059 + -1055. What is the greatest common factor of d and 118?
2
Let j = 2 - -63. Suppose 5*q - j = -0*q. Let k(w) = 11*w - 14. Let p be k(6). What is the greatest common divisor of q and p?
13
Let g = -696 + 747. What is the greatest common divisor of 204 and g?
51
Let g(o) = -17*o + 16. Let r be g(-4). Suppose -4*s = 6*q - 5*q - r, s - 3*q = 34. What is the highest common factor of 4 and s?
2
Let i(n) = -n**3 + 12*n**2 + 14*n + 12. Let g be i(13). Let t = g - -23. Calculate the highest common factor of 6 and t.
6
Suppose -3*h + 65 = v, -24*h - 2 = -23*h. Calculate the greatest common factor of v and 639.
71
Let n be (-436)/(-109) - (0 + 48)/(-1). Calculate the highest common divisor of 949 and n.
13
Suppose -4*q + 2*q + 2 = z, 5*q + 8 = 4*z. Suppose 4*i + 3*m = -2 + 115, -46 = -z*i + 2*m. What is the greatest common factor of 78 and i?
26
Let b = -612 + 633. Let g(h) = h**3 - 5*h**2 - 2*h + 3. Let c be g(5). Let y be (-36)/c*294/9. What is the greatest common factor of b and y?
21
Suppose -3*u + 321 = 3*h, 0 = 2*u - 0*h + 3*h - 217. Calculate the highest common factor of u and 65.
13
Let z = 359 - 351. Calculate the highest common divisor of z and 68.
4
Let l(b) = 35*b - 5. Let s be l(6). What is the highest common divisor of 5 and s?
5
Let f(y) = y**2 - y - 32. Let v be f(-6). What is the highest common divisor of 5 and v?
5
Let g = 210 + -78. Let t = 15 - 3. Calculate the highest common divisor of t and g.
12
Let n be (36/(-9) + 2)*(-25)/1. What is the highest common divisor of 110 and n?
10
Let p be 162*(96/18 + -5). Let x be (-8)/(-5) - -2*3/15. What is the greatest common divisor of p and x?
2
Suppose -7*r + 4*r - n + 7 = 0, 5*r - 21 = -4*n. Suppose 9*c + 80 - 98 = 0. What is the greatest common factor of c and r?
1
Let o be 2/(10/15) + 1. Let r be ((o + -11)/1)/(-1). Let z be 7 - (-2 + 2)*1. What is the greatest common divisor of z and r?
7
Let l(u) = -u**3 - 16*u**2 - u - 13. Let a be l(-16). Suppose o = 6*o - 4*j - 18, 5*o - 16 = a*j. What is the highest common factor of o and 2?
2
Let m(t) = -20*t + 123. Let k be m(-6). Calculate the highest common divisor of k and 216.
27
Suppose y = 1 + 2. What is the greatest common factor of y and 24?
3
Suppose 2*r - 7*r = -150. Let k be (-1)/(-3) + 1670/r. What is the highest common divisor of k and 42?
14
Suppose -4*h - 120 = -4*p, 0 = -0*p - 4*p - 2*h + 102. Suppose -2*d - 2*d + 771 = 5*j, -d + 195 = 2*j. Calculate the highest common divisor of d and p.
27
Let f = -2 - -5. Let j be (-984)/(-15) - -2*2/10. Suppose 2*d = 4*i - 0*d - j, f*d = 4*i - 65. What is the highest common divisor of 68 and i?
17
Let d be (-3)/1 - (0 + 1)*-8. Let t be (14 - 44)*((-7)/d - -1). What is the greatest common divisor of t and 6?
6
Suppose 3*b - 18 = -3*o, 2*b + 18 = o + 7*b. Suppose 10*x = o*x + 756. Calculate the greatest common factor of 12 and x.
12
Let h be -2*1 + (16 - (-66)/(-6)). Calculate the greatest common divisor of h and 90.
3
Let t = 17 + -12. Suppose 2*w - 33 = -t*g, w + 2*g = 5*g - 11. What is the greatest common factor of w and 20?
4
Let q = 454 - 376. What is the greatest common factor of q and 6?
6
Let o(z) = -z**2 - 27*z + 6. Let k be o(-26). Calculate the greatest common factor of 32 and k.
32
Suppose 0 = 2*x - 2 - 2. Suppose 2*g + x = 6. Suppose -g = 2*z - 12. What is the highest common divisor of z and 25?
5
Let o(u) = 2*u**2 - u + 1. Let f be o(1). Suppose -8 = 3*r - f*n, 4*n + 0*n + 24 = -4*r. Let v be 81/4 + 1/r. Calculate the highest common divisor of v and 160.
20
Suppose -4*l + 33 = -3*l. Suppose 0 = 226*j - 232*j + 66. Calculate the highest common divisor of j and l.
11
Let v be (3 + 1)/(4/54). Let i = 52 - 46. Let g(x) = 2*x**2 - 6*x. Let p be g(i). What is the greatest common divisor of v and p?
18
Suppose -m - 3*m = -5*s - 9, -7 = 2*s - 5*m. Let f be (10/(-30))/(s/(-141)). Let p = -27 - f. What is the greatest common factor of 140 and p?
20
Suppose 4 = n + 1. Let d = -6 - -10. Suppose -d - n = -u. What is the highest common divisor of u and 14?
7
Suppose -1 = -c, 5*n + 3*c - 6 = 7*c. Let v(o) = o + 9. Let b be v(-6). Calculate the highest common factor of n and b.
1
Let l(f) = -388*f + 840. Let u be l(2). Let p be ((-12)/5)/((-12)/160). What is the highest common divisor of p and u?
32
Let l be (20/(-15))/((-9)/27). What is the greatest common factor of l and 3?
1
Suppose u - 22 - 66 = 0. Calculate the greatest common factor of 44 and u.
44
Let a(u) = 14*u - 12. Let o be a(-16). Let r be (-14)/(-49) + o/(-7). Let m = 71 - -14. What is the highest common divisor of r and m?
17
Let i = 621 - 459. Calculate the highest common factor of 54 and i.
54
Let p be 1/(-3) - (-44)/(-12). Let v = p - -27. What is the highest common divisor of v and 23?
23
Suppose 8*i + 54 = 4*i - 3*z, i + 2*z + 11 = 0. Let t(k) = -k**3 - 13*k**2 + 31*k + 20. Let u be t(i). What is the highest common divisor of 5 and u?
5
Suppose -4*y - 2 = -3*s - 4, 0 = 3*s - 3*y - 3. Let d(n) = -n**3 - 11*n**2 - n - 7. Let p be d(-11). Calculate the greatest common factor of p and s.
2
Suppose 36*k - 14350 = -14*k. Calculate the highest common factor of 41 and k.
41
Suppose 0 = -31*d - d + 1824. Calculate the highest common factor of 95 and d.
19
Let r be ((-26)/8)/(1/(-4)). Suppose 2035*w = 2033*w + 182. What is the greatest common divisor of w and r?
13
Let b(a) = -a + 75. Let z be b(0). Suppose -2*r = -3*v - 18, 0 = -6*r + 8*r + v - 34. Calculate the highest common divisor of r and z.
15
Suppose 1 = 4*o - 95. Let i be (-112)/(-63) + (-4)/(-18). Let t be (-21)/i*(-5 + -11). Calculate the highest common divisor of o and t.
24
Let j(h) = -9*h - 161. Let c be j(-21). What is the highest common divisor of 196 and c?
28
Suppose z - g - 143 + 43 = 0, 3*g = 5*z - 490. Suppose -5*n = 4*b - 85, -6*n = 5*b - 2*n - z. What is the highest common factor of 6 and b?
3
Let a be ((-4)/10)/((-32)/240). Let m(p) = 5*p**2 - 4*p + 3. Let s be m(a). Calculate the highest common factor of 90 and s.
18
Let i(p) = p**2 - 12*p - 32. Suppose -8*k + 9*k - 15 = 0. Let s be i(k). Calculate the highest common divisor of s and 143.
13
Let q(d) = 13*d**3 - 2*d**2 - 3. Let f = -10 - -8. Let a be q(f). Let w be 1*(0 - 3) - a. What is the greatest common factor of 14 and w?
14
Suppose h + 4 = 3*m + 1, 2*h + 6 = 0. Suppose m = 2*c + 3*c - 240. Suppose -2*l + 32 = -l. What is the greatest common divisor of l and c?
16
Suppose -2976 = -63*n + 31*n. Calculate the highest common divisor of n and 15.
3
Let f(s) = -s**3 - 9*s**2 - 14*s + 36. Let o be f(-9). Calculate the greatest common divisor of o and 18.
18
Let z(l) = 3*l**2 + 5*l + 9. Let m be z(-4). Let f be 7/(-7)*m/(-1). Calculate the greatest common divisor of 74 and f.
37
Suppose -25*g + 27*g - 54 = -4*x, 0 = -3*x + 4*g + 68. Calculate the hig